 -2 - -1. Let m be x(z). What is the greatest common divisor of m and 11?
11
Suppose -v - 18 - 26 = -3*b, v = 5*b - 76. Let h(z) = -z - 1. Let l be h(-3). Calculate the greatest common divisor of l and b.
2
Let a be ((-16)/6)/((-7)/(-42)). Let r be (-36)/a - (-3)/(-12). Suppose 4*f = -5*u + 82, 13 = r*u - 6*f + f. Calculate the highest common factor of 112 and u.
14
Suppose 4 = -n, -16 = 2*m + 2*n + 20. Let s = -11 - m. Calculate the highest common factor of 2 and s.
1
Let j(o) be the third derivative of -3*o**2 + 0 + 1/24*o**4 + 0*o + 1/60*o**5 + o**3. Let m be j(0). What is the greatest common factor of m and 24?
6
Suppose -6*c + 4*c + 78 = 0. Let b = 217 - 139. Suppose 3*r + 0 = b. What is the highest common factor of r and c?
13
Suppose -r = -56 + 16. Calculate the greatest common divisor of 20 and r.
20
Suppose -3*g - 7 - 14 = 0. Let y(p) = -p**2 + p**3 - 2*p**3 - 2*p + 9 - 5*p**2. Let l be y(g). What is the highest common factor of l and 8?
8
Let s = 94 + -54. Let u = s + -23. Let y = -103 + 222. Calculate the highest common divisor of u and y.
17
Let h be 3/2*8/6. Suppose -5*f = -2*d - 0*d - 72, -5*f + 71 = -d. Suppose -4*z + 2*k + 72 = -2*k, z - f = 2*k. Calculate the greatest common factor of z and h.
2
Suppose 2*y + 4*k - 60 = -y, -12 = -y - 4*k. Suppose 0 = 12*a + 7*a - 57. What is the highest common factor of a and y?
3
Suppose 2*y + 11*y = 39. What is the greatest common factor of 6 and y?
3
Let p(m) = 3*m. Let w be p(3). Suppose -3 = 3*x, 3*x + 0 = 2*g - 9. What is the highest common factor of g and w?
3
Let n be ((-4)/6)/((-14)/(-147)). Let h be 46/(0 + (0 - -2)). Let f = n + h. What is the highest common factor of 128 and f?
16
Let a be (-1)/3 + (-284)/(-6). Suppose l = x - 0*l - 18, -4*x - l + a = 0. Calculate the highest common divisor of 65 and x.
13
Let c(j) = -j**3 + 7*j**2 - 4*j - 2. Let n be c(5). Let r = 24 + -10. What is the greatest common divisor of r and n?
14
Let c(q) be the first derivative of q**4/4 + 7*q**3/3 - 3*q**2/2 - 7*q + 9. Let n be c(-5). What is the greatest common divisor of 145 and n?
29
Suppose -p = 3*z, -2*z = z - 2*p. Let r(g) = g**2 - 6*g + 3. Let o be r(6). Suppose z*i = -o*i + 72. What is the greatest common factor of i and 8?
8
Let k = 32 + -10. Suppose 5*c + 3*i = 4*c + 8, 4*c - 14 = -3*i. Calculate the highest common divisor of k and c.
2
Let p(m) = m**2 + 3*m - 6. Let u be (-30)/(-8) + 1/4. Let z be p(u). Suppose -3*s = -8*s + 330. Calculate the highest common divisor of s and z.
22
Suppose -2*s = 2*s - 180. What is the greatest common divisor of 18 and s?
9
Suppose 0 = x - 8 - 2. Calculate the greatest common factor of x and 90.
10
Let u = 55 - 53. Suppose 0 = 4*x - 8 - 16. What is the greatest common factor of x and u?
2
Let v = -19 - -46. What is the highest common divisor of v and 18?
9
Let k be ((-11)/4)/(14/(-280)). Let h be 1/(1/(1 - 2)). Let b be 5*h/((-5)/22). Calculate the highest common factor of k and b.
11
Let f = 29 - -19. Suppose 2*h = -4*k + 20, -k = -5*k + 4*h + 32. Calculate the highest common factor of k and f.
6
Let t = -68 - -79. What is the greatest common divisor of t and 22?
11
Let j = -45 + 80. Suppose w = 2*x - 3*w - 12, 0 = 4*x + 2*w - 64. What is the greatest common divisor of j and x?
7
Let d be (6 - 0)*7/2. Calculate the highest common factor of 147 and d.
21
Let h be 6*4 + (-1 - -3). Let r = h - 80. Let g = r + 153. Calculate the greatest common factor of 9 and g.
9
Let s = 45 + -37. Calculate the greatest common factor of 12 and s.
4
Suppose -5*w + 1 = 2*p - 6, -w = 3. Calculate the greatest common divisor of p and 33.
11
Let m = -28 + 45. Suppose 123 - m = -2*k. Let d = k - -74. What is the greatest common divisor of 7 and d?
7
Suppose 3*z - 100 = -z. Suppose 4*m - 14 = 6. Calculate the highest common divisor of m and z.
5
Suppose 5*n = n - p, 0 = -p. Let l be (n/(-1))/(2 + -4). Suppose -k = -l*k - 8. Calculate the greatest common factor of k and 16.
8
Let u be (-1 + 4)/((-1)/(-138)). Calculate the greatest common factor of u and 18.
18
Let q be (0 + 48)*(-1 - -2). Suppose 5*o + 1080 = 20*o. Calculate the greatest common divisor of q and o.
24
Let m be (-156)/(-10) - 4/(-10). Calculate the greatest common factor of 24 and m.
8
Let t = 316 + -201. Suppose -10 = 2*d, -7*d = 3*o - 3*d - t. Calculate the greatest common factor of o and 18.
9
Let y = 24 - 19. Suppose y*l + 20 = 10*l. Calculate the greatest common divisor of l and 1.
1
Suppose -2*p + 0*p + 6 = 0. Suppose 3*u = p*r + r + 12, 2*r - 6 = 0. Calculate the greatest common factor of u and 8.
8
Let c(p) = 4*p**2. Let r be c(-1). Suppose 21 = n + r. Suppose 0 = 5*h - n - 83. Calculate the greatest common factor of 10 and h.
10
Suppose -6 = -j + 38. Calculate the highest common divisor of 11 and j.
11
Let a be (-1)/4 + -4*(-51)/48. Calculate the greatest common factor of a and 108.
4
Let w(x) = -x**3 + 6*x**2 - 4*x + 2. Let m be w(4). Suppose -j + m = 2*j. Let t be 143*3/j*2. What is the highest common factor of t and 13?
13
Let w(x) = -x**2 + x + 3. Let k be w(0). Let m = k - 3. Suppose -3*b - b + 52 = m. What is the greatest common divisor of b and 13?
13
Suppose -r + l = -2*l - 9, -4*l - 11 = -r. Suppose -3*g - r = -129. Suppose 2*b - c = 4*b - 12, 24 = 4*b + 4*c. What is the greatest common divisor of b and g?
6
Let s = 127 - 115. Calculate the greatest common divisor of s and 24.
12
Suppose i + 6 = 9. Let v be 3/4 + 4/16. What is the highest common factor of i and v?
1
Let n(l) = 17*l**2 + l - 6. Let y be n(2). What is the highest common divisor of y and 8?
8
Let k be -1 + 4 + 0 + 1. Suppose 4*m - k = -v + 27, -3*v = 15. What is the highest common divisor of 63 and m?
9
Suppose 102 - 557 = -7*k. Let x be (-103)/(-4) - (-2)/8. Calculate the highest common divisor of x and k.
13
Suppose 90 = 2*w + 5*o, -o + 4*o + 128 = 4*w. Let v = w - -9. Suppose 5*l - 3*c = v, -l + 9*c = 4*c. Calculate the highest common factor of l and 110.
10
Suppose 5*y + 77 = h, 0 = -2*y + 4*h - 18 - 20. Let z be ((-39)/y + -3)*-20. What is the greatest common factor of z and 12?
4
Let j = 67 + 5. Suppose 3*d - w = 16, 2*w + 20 = -3*w. Let v be 35/d - (-2)/8. Calculate the highest common factor of j and v.
9
Let r = -23 + 33. Calculate the greatest common factor of r and 15.
5
Let k(r) = -r**3 - 5*r**2 + r - 4. Let t be k(-6). What is the highest common divisor of 130 and t?
26
Suppose 4*a = -5*f + 27, 5 = 4*f - 5*f. Calculate the greatest common divisor of 13 and a.
13
Let s be 675/72 + (-3)/8. What is the highest common factor of 9 and s?
9
Let f = -50 - -105. Let m be -2 + 6/(-18) + (-44)/(-6). Calculate the highest common divisor of f and m.
5
Let n be ((-15)/9)/((2/(-30))/1). What is the greatest common factor of n and 275?
25
Let j(t) = t**3 - 9*t**2 + 3*t + 10. Let b be j(10). What is the greatest common factor of 20 and b?
20
Let h be ((-4)/(-10))/((-2)/10). Let n be 2*(-1 + h)/(-1). Suppose 0 = -s - 2*f, -24 = -4*s + 6*f - 2*f. What is the highest common factor of s and n?
2
Let f(h) = -19*h**2 + 16*h + 5. Let a(x) = -13*x**2 + 11*x + 3. Let w(m) = 7*a(m) - 5*f(m). Let q be w(5). What is the highest common factor of q and 9?
9
Let h be (-7)/(140/(-64))*30. What is the highest common divisor of h and 12?
12
Suppose 113 + 17 = a. What is the highest common factor of a and 52?
26
Let z be -2 + 7 - (-1 + -1). Let d = -10 - -15. Suppose 88 = 4*q - 3*g - 12, 3*g - 152 = -d*q. Calculate the highest common factor of q and z.
7
Let y = 55 - 37. Suppose -5*b + 48 = y. What is the highest common factor of 4 and b?
2
Let g(d) = -4*d**2 + 0*d**2 + 1 + d**3 - 2*d + 5*d**2 + d**2. Let t be g(-3). Let o be 0 - t*(-11)/(-2). Calculate the highest common divisor of 55 and o.
11
Suppose -4*y - 4 = 0, 3*o - 3*y - 115 = -2*y. Calculate the highest common factor of 19 and o.
19
Let s be 6/9 - (-21)/9. Suppose -4*l - 4*d = -40, -2*d = 2*l - s*d - 26. What is the highest common factor of 36 and l?
12
Let z = 37 + 5. What is the highest common factor of z and 28?
14
Suppose -35 = -5*j - 5*t, j + 4*t - 17 + 4 = 0. Let q(b) = b**2 + b - 3. Let f be q(j). Calculate the highest common divisor of f and 18.
9
Let i be (-3)/(12/(-148)) + -4. What is the highest common divisor of 44 and i?
11
Suppose 3 - 18 = -v. Let a be v/9 + 2/6. Let t be 32/a - (-